y(4). Determine k(a).
4
Suppose -w + f - 15 = 5, -3*w - 50 = -5*f. Let r = -24 - w. Let o(x) = -3*x**2. Calculate o(r).
-3
Suppose 3*g - 4 = 3*k + 2, -5*k = 0. Let n(z) = -21 - z**g + 0*z + 19 + 0*z. What is n(2)?
-6
Let h(y) be the first derivative of 2*y**2 - 16. Give h(-1).
-4
Let a(x) = x**3 - x**2 - x - 3. Let g be a(0). Let m(j) = -3*j**2 - 2 + 0*j**2 + 13*j - j**3 + 4 + 5*j - 21*j. Give m(g).
11
Suppose 4*o - 133 = 143. Suppose 4*l = o - 13. Suppose 4*q = 6 - l. Let u(a) = 2*a**3 + a**2 - 2*a + 1. Calculate u(q).
-7
Let p(v) = v**2 - 9*v + 2. Let z(w) = w**2 + 3*w - 5. Let d be z(2). What is p(d)?
-18
Let o(z) be the first derivative of -z**5/60 + z**4/8 - z**3/3 + 4. Let p(k) be the third derivative of o(k). What is p(6)?
-9
Let q = 1 + 4. Let p(m) = 2*m + 4*m - 8*m - 3*m + 5 + m**2. Give p(q).
5
Let l(y) be the third derivative of -y**6/120 + y**5/15 - y**4/24 + 5*y**3/6 - 4*y**2. Calculate l(4).
1
Let g be 4/(-12) - (-3)/((-18)/(-56)). Let c(d) = -d**2 + 9*d + 1. Determine c(g).
1
Let j(p) = p. Let g = 2 - 8. Let q = -4 - g. Suppose -3 = d + q*d. Give j(d).
-1
Let y(t) = 2*t**3 - 2*t**2 - 3*t + 2. Let g = 30 - 28. Calculate y(g).
4
Suppose 4*q + 7 + 4 = -d, 2*d + 10 = -5*q. Let h(x) = -x**2 - 4*x + 5. What is h(q)?
5
Let t(y) be the second derivative of 4*y + 0 - 1/6*y**3 - 2*y**2. What is t(-4)?
0
Suppose 5*b = 6*b - 13. Suppose b*j = 8*j. Let y(d) = -d**2 + d + 4. Determine y(j).
4
Let m be (3/(-9))/(-3 - (-112)/36). Let k(n) be the first derivative of n**4/8 + n**3/6 - n**2/2 + 1. Let t(z) be the second derivative of k(z). What is t(m)?
-8
Let p(d) = d**2 + 3*d + 4*d - 2*d**2 - 2 - 9*d. Give p(-4).
-10
Suppose -44 + 8 = -4*d. Suppose -i = 2*i + d. Let w be i - -4 - (-1)/(-1). Let h(r) = r - 6. Calculate h(w).
-6
Let c(l) = -9*l + 5. Let o(r) = 5*r - 3. Let q(m) = -6*c(m) - 10*o(m). Let z be 0 + 1 - (-1 + 1). Calculate q(z).
4
Let p(z) = -z**3 + 3*z**2 + 5*z - 6. Let d be 4/24 + (-46)/(-12). Give p(d).
-2
Let h(y) = -y**3 + 6*y**2 - 6*y + 7. Suppose -4*c = -8 - 12. What is h(c)?
2
Let z(x) = 3*x**2 - x - 6. Let m(w) = 4*w**2 - 6. Let g(a) = 2*m(a) - 3*z(a). Let t be g(5). Let b(l) = l**2 + 6*l + 6. Give b(t).
-2
Suppose 2*h - 54 + 22 = 0. Let n be (-9)/4 + 4/h. Let d(u) = -11*u**2. Let x(c) = 5*c**2. Let a(f) = 4*d(f) + 9*x(f). Give a(n).
4
Let x(b) = -b - 4. Let i = -45 + 39. Determine x(i).
2
Let t(l) = 0 + 1 - l**2 - 4 + 6*l. Let i = -8 + 10. Let r = i - -1. What is t(r)?
6
Let p be (14/(-5) + 2)/(23/115). Let j(u) = -u**2 - 3*u - 2. What is j(p)?
-6
Let r(u) be the first derivative of u**2/2 - 8*u - 2. Give r(6).
-2
Let z = -15 + 17. Let x(b) = -b**3 + 6*b**2 - 3*b + 1. What is x(z)?
11
Suppose 3*m - 5 = 1. Let r = 2 - m. Let p(h) = h - 8. Calculate p(r).
-8
Suppose -88 + 92 = -4*o. Let b(p) = -7*p + 3. Let z(h) = 20*h - 10. Let x(n) = 10*b(n) + 3*z(n). What is x(o)?
10
Let p be ((-8)/12)/((-1)/(-3)). Let n(w) = 25*w + 4 + 3*w**3 + 7*w**2 - 22*w - 3 - 3*w**2. Determine n(p).
-13
Let q(o) = 6*o + 4*o**2 - 4*o**2 - 5 - o**3 - o**2 + 6*o**2. Give q(6).
-5
Let g(v) = -4*v**3 - v**2 - 2*v - 2. Let c be g(-1). Let m(s) = s**3 - 2*s**2 - s + 3. What is m(c)?
9
Let a be 48/(-27) - (-2)/(-9). Let x(k) = -k**2 - k. Let s(i) = -5*i**2 - 3*i. Let v(d) = -s(d) + 6*x(d). What is v(a)?
2
Suppose -2*b + h - 3 = 0, -3*h + 9 = -4*b + b. Let s(w) = w + 4. Let r be s(b). Let y(n) be the third derivative of n**4/12 - 2*n**2. Determine y(r).
8
Let x(i) = 5*i**3 + 8*i**2 + i + 4. Let b(v) = -v**3 - v**2 - v. Let q(s) = -4*b(s) - x(s). Suppose 19 = -5*m + 3*c, 3*c + c - 7 = 3*m. What is q(m)?
6
Let u(r) = -r**3 - 6*r**2 - r - 4. Suppose -3*p + 24 = -2*a, 5*a + 6 = -3*p - 12. Let i be u(a). Let j(f) = -2*f - 2*f + 3*f. Calculate j(i).
-2
Let r(v) = -2*v + 0*v + 1251 - 1256. Suppose 3*s + 25 = -5*g, -5*g = -2*s - 2*g - 4. What is r(s)?
5
Let z(a) = 2*a + 5. Let y(o) = -o**3 - 5*o**2 + 7*o. Let j be y(-6). Determine z(j).
-7
Let o(f) = -2 + 4*f + 4*f - 9*f + 3*f**2 + 2*f. Give o(-2).
8
Let b(o) = o**2 + 2*o + 1. Let h(a) = -a**3 + a**2 + 2*a + 2. Let y be h(-2). Suppose -6*p - y = -p. Give b(p).
1
Let i(m) be the second derivative of -m**5/20 - m**4/12 - 4*m**3/3 + 5*m**2/2 - m. Let g(j) = -j**3 - 7*j + 4. Let k(q) = -6*g(q) + 5*i(q). What is k(4)?
-7
Let x be 0/(-1 - 1) - -4. Let n(h) = h**3 - 2*h**3 - 2*h + 1 - x*h**2 + 0*h - 2*h. Determine n(-3).
4
Let c(o) be the first derivative of 3 - o**2 - 1/3*o**3 - o - 5/4*o**4. What is c(-1)?
5
Let h(b) = -b**2 + 2*b - 1. Let k = -6 + 8. Suppose -o = -k*o - 3*q + 1, 3*o - 3 = 4*q. Determine h(o).
0
Suppose -4*w - v - 11 = -w, -4*w - 3 = -v. Let l(r) = -3*r**3 + r**2 + 5*r + 3. Let c(d) = 14*d**3 - 4*d**2 - 21*d - 12. Let b(o) = -2*c(o) - 9*l(o). Give b(w).
7
Suppose 0*n + 10 = -5*n. Let w be (n - 1)*15/9. Let f(r) = 2*r + 7. Calculate f(w).
-3
Let d be (-45)/(-10) + (-2)/(-4). Let k(s) = -5*s**3 + 3*s**2 - 4*s + 2. Let q(b) = 6*b**3 - 3*b**2 + 4*b - 2. Let z(y) = d*k(y) + 4*q(y). Determine z(2).
-2
Let d(m) = -m**2 - m - 1. Let h(a) = 10*a**2 + 5*a + 4. Let n(f) = 4*d(f) + h(f). What is n(-1)?
5
Let n(m) = -4*m**2 + 0*m + m - 3*m - 24*m**3 + 23*m**3 + 2. Let l = -7 + 4. What is n(l)?
-1
Let x(s) be the third derivative of -s**5/60 - s**4/24 + s**3/3 - s**2. Let q = -28 - -25. What is x(q)?
-4
Let d(s) = -s**2 + s + 1. Let u be d(0). Let f(i) = i**2. Determine f(u).
1
Let f(o) = 5*o**3 - 2*o**3 + 0*o**3 + 6*o**3 - o. Calculate f(1).
8
Let w(j) = j**3 - j. Let a(v) = -6*v**3 + 5*v**2 + 3*v + 3. Let s(o) = a(o) + 5*w(o). What is s(5)?
-7
Let h(f) be the third derivative of -f**7/2520 + f**6/90 - f**5/20 + f**4/24 - 7*f**2. Let l(t) be the second derivative of h(t). Determine l(5).
9
Let g(p) = 6*p**2 - 4*p - 4. Let u(c) = -c**3 - c**2 + c + 1. Let l(a) = g(a) + u(a). What is l(3)?
6
Let f(d) be the second derivative of -2*d**3/3 + 7*d**2/2 + d + 9. Calculate f(3).
-5
Let j(t) = -t**3 - 6. Suppose -d - d - 20 = 5*r, 0 = 4*d - 4*r - 16. Determine j(d).
-6
Suppose -z - 12 = 3*z. Let g = -1 + z. Let t(r) be the first derivative of -r**4/4 - 4*r**3/3 + r**2/2 - 3*r + 21. Determine t(g).
-7
Let k be (2*1)/(-1 + -1). Suppose 3*v = 5*w + 13, 4*w + 11 = 2*v + 1. Let y(t) = t - v + 2 - 3*t**2 + 0 + 0. Calculate y(k).
-3
Let a(l) = -l**2 + l + 4. Let i be 2/7 - (-76)/28. Determine a(i).
-2
Let y(s) be the second derivative of -s**3/2 + s**2/2 - 6*s. What is y(1)?
-2
Let u(l) = 1 + 6479*l**3 + 2*l - 6483*l**3 + 0. Give u(-1).
3
Let j = -4 + 2. Let k(n) be the first derivative of n**2/2 - 2*n + 5. Give k(j).
-4
Let l(r) = 45*r**3 + r**2. Let v be l(1). Let y be v/14 - 4/14. Let x be 8/y - (-2)/6. Let d(n) = -n. Give d(x).
-3
Let w(q) = -q**3 + 5*q**2 - 4*q + 2. Let f be w(4). Let p(v) = -3*v**2 + 3*v**2 - f*v**2. Determine p(-1).
-2
Let t(z) = z**3 - z**2 + z + 1. Let j(f) = -5*f**2 + 3*f - 10. Let h(a) = -j(a) - t(a). Suppose -5*d - 3 + 4 = -4*w, d - 5 = 0. Determine h(w).
-15
Let k(d) be the third derivative of d**4/24 + d**3/6 - 3*d**2. Let o(n) = n**3 - 4*n**2 + 3*n + 4. Let j be o(3). Calculate k(j).
5
Let i(t) = -4*t + 4. Suppose 2*p = 35 + 1. Let l = 30 - p. Suppose -d - 3*d = -l. Calculate i(d).
-8
Let i(p) = p - 7. Let h be i(8). Let g(a) = 1 + a - h + 1. Give g(-5).
-4
Let y(m) = -6*m + 1. Let z(p) = -7*p + 1. Let c(s) = -3*y(s) + 4*z(s). Give c(1).
-9
Let d(y) = y**2 + 6. Let p = 145 - 145. Determine d(p).
6
Let w(h) = 2 - 35*h - 1 + 37*h. Suppose -2*m - 3*n - 5 = -7*m, -m = -3*n - 1. What is w(m)?
3
Let t(u) = -u**2 - 7*u - 4. Let v(x) = -x**2 - 11*x - 6. Let r be v(-10). Suppose r*h + g = -24, 0 = 3*h - 3*g + 16 + 2. Calculate t(h).
2
Let h = 5 - 2. Suppose -2*y + 2*d = 18, -32 = h*y + d - 5*d. Let p(f) = -f**2 - 5*f + 2. Calculate p(y).
6
Let q be ((-1)/4)/((-7)/56). Let c be (q/(-4))/((-2)/(-20)). Let u(o) be the second derivative of o**3/6 - o**2/2 - o. Determine u(c).
-6
Let u = -49 + 49. Let l(j) = j**2 + 4. What is l(u)?
4
Let m(f) = 5*f**2 + 18*f - 21. Let t(l) = 2*l**2 + 6*l - 7. Let b(p) = -3*m(p) + 8*t(p). Let x be 3 + 0 + 4 + -2. What is b(x)?
2
Let b(p) be the third derivative of -p**5/60 - 5*p**4/24 - p**3 + 2*p**2. Let y = 8 - 12. Determine b(y).
-2
Let c(f) = -f - 12. Let a(b) = b + 11. Let h(p) = 7*a(p) + 6*c(p). Let w = -6 - -11. What is h(w)?
10
Let f be 4/2 - (8 - 26). Suppose 4*l - 10 - 2